 + -10)?
3
Let b = -17 + -4. Let i = -21 - b. What is the units digit of i + 2 + -3 + 86 + -3?
2
Let i = 108 + -110. What is the units digit of (-20)/(-1) + -1 + i?
7
Let m(k) = 3*k**2 - 115*k - 50. What is the tens digit of m(50)?
0
Let k be (-30)/(-8)*128/(-48). Let b be (22/(-55))/(1/k). Suppose 0 = b*g - 3*g - 49. What is the tens digit of g?
4
Let t = 93 + -89. Suppose -t*j + 4735 = 1159. What is the tens digit of j?
9
Let z(u) = 1713*u + 253. What is the thousands digit of z(5)?
8
Let d be 7 + -145 - 4/(-1). Let y = -124 - d. What is the hundreds digit of ((-111)/(-6))/(1/y)?
1
Suppose -3929 + 16799 = 15*i. Suppose -i = -6*z + 984. What is the tens digit of z?
0
Suppose n - 5*n - 2*x = 384, 3*n + 277 = 4*x. Let o = 186 + n. What is the tens digit of o?
9
Suppose 12 = -2*c - 4*b, 9*b - 11*b = -3*c + 14. Suppose p = 4*x + 339, 0*x = -4*p + c*x + 1384. What is the tens digit of p?
4
Suppose -5*a - 5*t + 221960 = 0, 4*a - 54*t = -53*t + 177543. What is the thousands digit of a?
4
Let k = 12423 - 3848. What is the thousands digit of k?
8
Suppose 44*j + 5*z - 63457 = 42*j, -5*j - z = -158562. What is the tens digit of j?
1
Let u = -5 - -172. Suppose 1433 = 8*j - u. What is the hundreds digit of j?
2
Let t(r) = -r**3 - 7*r**2 - 13*r + 4. Let p be t(-4). Suppose -p*w + 7*w = 55. Let y = w + 206. What is the tens digit of y?
5
Suppose 0*c - 2*c + 3*f = 10, 4*f - 6 = -c. Let h be 1/(2*c - -3)*29. Let p = h - -40. What is the tens digit of p?
1
Suppose -t + 4*r + r + 84 = 0, 0 = 2*t - 3*r - 189. Suppose 0 = 107*s - t*s - 6264. What is the hundreds digit of s?
7
Let d be 0/(1/(-1)*(-4)/1). Suppose -392 = -7*x - d*x. Let i = 118 - x. What is the tens digit of i?
6
Let p = 21142 - -9759. What is the thousands digit of p?
0
Let s = 171 - 253. Let c = s - -378. What is the tens digit of c?
9
What is the units digit of (4431 - -6) + (-168)/8*10/35?
1
Let i(t) = 8*t**2 + 1 + t**3 + 39*t + 0*t**3 - 37*t. Let o be i(-7). Let f = o - -11. What is the units digit of f?
7
Suppose -285*m + 252*m + 297396 = 0. What is the hundreds digit of m?
0
Let p = 1918 - 1078. Suppose 72*h - 65*h = p. What is the tens digit of h?
2
Suppose -y + 6 = -5*w - 10, -w = 4*y - 22. Suppose 0 = -y*k + 10 + 2. Suppose k*q + 13 - 93 = 0. What is the units digit of q?
0
Let y(z) = z**3 + 16*z**2 + 14*z - 9. Let t be y(-15). What is the units digit of 1496 + (-288)/64*4/t?
3
Suppose -2*y - 42 = -4*f, -4*f + 2*y = -3*y - 39. Suppose -f*g + 1128 = -5*g. What is the hundreds digit of g?
1
What is the tens digit of (-4 + 3 - -5949)*16/32?
7
Suppose 3 = 7*n - 18. Suppose -4*k + 3289 - 1306 = -n*c, -4*k = 3*c - 1977. What is the tens digit of k?
9
Suppose -2*v = 2*d + 2*d - 22, d = -3*v - 2. Suppose 0 = 9*i - d*i - 448. Suppose -4*f + 4*a + i = -0*a, 2*a - 252 = -5*f. What is the tens digit of f?
5
Suppose 2697 = 3*m + 23*k - 20*k, -2*m + 1780 = -4*k. What is the units digit of m?
6
Suppose 19*j + 106*j = -46*j + 11036853. What is the tens digit of j?
4
Suppose 5*j + 7 = -4*z, 40*j + 7 = 44*j - z. Suppose 5*n - 5 = -0. What is the units digit of 196/(2 + (j - n))?
8
Let y be (12/(-9))/(16/(-48)). Suppose 17*j = 13*j + 2*p + 3432, y*j - 3432 = p. What is the hundreds digit of j?
8
Let i(a) = -5*a - 35. Let t(y) = 10*y + 69. Let q = -69 + 64. Let m(h) = q*i(h) - 3*t(h). What is the tens digit of m(-14)?
3
Suppose 0 = -78*s + 77*s - 5. Let t(k) = -6*k**3 - 10*k**2 - 21*k. What is the units digit of t(s)?
5
Let z(d) = 2*d**3 + 268*d**2 - 544*d + 412. What is the tens digit of z(-136)?
1
Let k(g) = -g - 18. Let r(v) = -2*v - 19. Let i(u) = 4*k(u) - 5*r(u). Let x be i(5). Suppose -2*s + 4 = 2*z, s = 4*z - 4*s - x. What is the units digit of z?
7
Suppose 7*y - 469296 = 5*y - 4*y. What is the hundreds digit of y?
2
Suppose 755554 = -29*d + 131*d - 569120. What is the ten thousands digit of d?
1
Suppose 1447803 = 359*t - 6222664 - 2173313. What is the thousands digit of t?
7
What is the tens digit of (-103080)/(-168) - (-2)/14*-4?
1
Suppose -17*t = -11*t - 12. Suppose 3*v + 91 = t*l + 6*v, -3*v - 15 = 0. What is the units digit of l?
3
Let i(x) = 201*x**2 + 366*x + 2837. What is the units digit of i(-8)?
3
Let d = 820 - 1490. Let u be (-3 + (-84)/(-20))/(3/d). Let i = u - -444. What is the units digit of i?
6
Let y(l) = 23*l - 30. Let c(p) = -81*p + 108. Let g(b) = 5*c(b) + 18*y(b). Suppose -3*z = -33 - 27. What is the tens digit of g(z)?
8
Let r = 5125 - 3968. What is the units digit of r?
7
Let m(d) = d**2 - 16*d - 18. Let r be m(17). Let v be (-153)/r - 8/(-2). Let x = -84 + v. What is the tens digit of x?
7
Suppose -14*q + 420 - 224 = 0. Let f = -8 + 26. Suppose f*c - 48 = q*c. What is the tens digit of c?
1
Let x(a) = a - 31. Let t be x(9). Let g = t + 23. Suppose 4*j - 62 = 5*l + 257, 0 = -l + g. What is the units digit of j?
1
Let b = 174 + -62. Let v = b - 112. Suppose v = 164*r - 162*r - 2. What is the units digit of r?
1
What is the units digit of 6*(-4 - 13/(-3)) - 868140/(-30)?
0
Let h(o) = o**2 + 19*o + 23. Let b be h(-16). Let z = -31 - b. Let q(v) = 2*v**3 + 12*v**2 - 2*v - 1. What is the tens digit of q(z)?
1
Suppose 2*w - 24784 = -r, w - 93*r = -91*r + 12377. What is the units digit of w?
9
Let m(h) be the second derivative of -3*h**5/20 + h**4/4 + 3*h**3/2 + 7*h**2 + 22*h. Let t be m(-6). What is the tens digit of (-6)/((-24)/t) + 1?
8
Let g(k) = -4*k**3 + 14*k**2 - 30*k - 268. What is the thousands digit of g(-10)?
5
Let b(q) = -25*q**3 - 2*q**2 + 3*q. Let i be b(2). Let u = i + -39. Let r = u + 342. What is the tens digit of r?
0
Suppose -400*r + 392564 = 14*r - 5790940. What is the tens digit of r?
3
Suppose 14*k - 3*k - 4379 - 5719 = 0. What is the units digit of k?
8
Let i(g) be the first derivative of 5*g**3/3 + 3*g**2/2 + 9*g + 25. Let h be i(-8). Suppose 6*y - h + 65 = 0. What is the tens digit of y?
4
Let s(v) = 95*v**2 + 7*v - 37. What is the units digit of s(-4)?
5
Suppose 5*m = -2*a - 3*a + 1615, -3*a = -3*m + 987. Let h = m + -238. What is the tens digit of h?
8
Let i(u) be the first derivative of -u**4/4 + 8*u**3/3 + 7*u**2 + 8*u - 10. What is the tens digit of i(7)?
5
Let k = -81 - -65. Let d be (-213)/2 + 1/(k/(-24)). What is the units digit of 815*(-14)/d + 2/6?
9
Let y = -1374 + 786. Let i = 4 - y. What is the hundreds digit of i?
5
Let c = -450 + 454. What is the hundreds digit of (1285/20)/(63/(-16) + c)?
0
Let t be (-10 - -11)/(2/(-4))*-1. Suppose -t*h - 137 + 372 = 5*g, -2*g = 4*h - 94. What is the units digit of g?
7
Let n(i) = 3*i**3 - 13*i**2 + 5*i + 38. What is the ten thousands digit of n(18)?
1
Suppose -50456 = -52*i - 67*i. What is the hundreds digit of i?
4
Suppose 3069*s - 3067*s = 75670. What is the units digit of s?
5
Let z = -31806 - -52773. What is the thousands digit of z?
0
Let k(r) = -84*r**3 - 3*r**2 + r + 1. Let j be k(-1). What is the thousands digit of (-216)/j*813/(-2)?
1
Suppose 9*u - 12180 = 4227. Let d = u - 594. What is the units digit of d?
9
Let u = -16490 + 28956. What is the hundreds digit of u?
4
Let m = 491 + -494. What is the units digit of (-1 - m)*35392/128?
3
Let f(j) = -14*j**3 - j**2 - 6*j - 4. Let v be f(-2). What is the units digit of 16/(-8*(-1)/v)?
2
Let m be (-4710)/2 + (-11 - -16). Let v = m + 4205. What is the units digit of v?
5
Suppose -18 = -4*f + 5*h, -4*h = -4*f + 1 + 15. Suppose -f*o - a + 1556 = -0*o, -o = a - 778. What is the hundreds digit of o?
7
Suppose -m + 314 = -302. Suppose 2*l + 1024 = 5*b, 0 = -3*b - l + 3*l + m. What is the tens digit of b?
0
Let k be ((-24)/(-20))/(36/120). Suppose 5*v = m + 6, 1 = 5*v + 4*m - 0. What is the units digit of 10/v - (k + -5 + -1)?
2
Let g(c) = 3*c**2 - 2*c. Let h(n) = -13*n**2 + 28*n - 133. Let l(x) = -4*g(x) - h(x). What is the tens digit of l(14)?
4
Let m = 2033 - -37221. What is the ten thousands digit of m?
3
Let p = -180 - -87. Let h = p - -136. Suppose -m - h = -226. What is the hundreds digit of m?
1
Let u(n) = -2*n + 13. Let z be u(5). Suppose 5*g - 2250 = -2*f, -916 = -z*g + g - 4*f. Suppose -4*y + g = -104. What is the units digit of y?
8
Let l = 858 + -542. Let a(w) = w**3 + 28*w**2 + 74*w - 21. Let h be a(-25). Suppose -h*t + 0*r + l = 2*r, 5*r + 410 = 5*t. What is the units digit of t?
0
Let j be (4 - 5478/15)/(8/(-40)). Suppose 292*m - 299*m = -j. Wha